2
In base 13, what is 1 - -a8c1?
a8c2
In base 8, what is 201 + -653?
-452
In base 13, what is -2 - -2205c?
2205a
In base 16, what is -362 - -1348?
fe6
In base 2, what is -1100010010000111 - 0?
-1100010010000111
In base 10, what is 5697 - -7?
5704
In base 9, what is -8667 - -8?
-8658
In base 3, what is -11 + 2100000010100?
2100000010012
In base 2, what is 0 + 100010100010010?
100010100010010
In base 11, what is 2 - -2034a1?
2034a3
In base 5, what is -410 - -12341?
11431
In base 3, what is -10211 - 1021220021?
-1022001002
In base 6, what is -335505 - -1?
-335504
In base 10, what is 9 + 1325?
1334
In base 15, what is 211a6 + -33?
21173
In base 6, what is -3 - 40504?
-40511
In base 5, what is 3 + -1302?
-1244
In base 11, what is -3852 - -84?
-3779
In base 3, what is -1202 - -12020101?
12011122
In base 8, what is 131 + -17?
112
In base 16, what is 3 - 5cd6?
-5cd3
In base 2, what is 10110 - -1100000101011?
1100001000001
In base 10, what is 4 - 66955?
-66951
In base 13, what is 5 + -8a0aa?
-8a0a5
In base 16, what is 3d + -51d9?
-519c
In base 12, what is -17a - -600?
442
In base 16, what is -6 - -156c?
1566
In base 2, what is -101001001110010011110 + -10?
-101001001110010100000
In base 5, what is -213 + 21132?
20414
In base 13, what is 62c + -373?
289
In base 2, what is 100100011010001 + 10?
100100011010011
In base 10, what is -2 + 16714?
16712
In base 2, what is 101 - 100110111110?
-100110111001
In base 16, what is -1 + 4bac?
4bab
In base 16, what is -4450 + e?
-4442
In base 5, what is 1 + 3313141?
3313142
In base 11, what is -35497 + -1?
-35498
In base 15, what is cbeb2 - 5?
cbeac
In base 14, what is 3 - -77b3?
77b6
In base 5, what is 104213 + -142?
104021
In base 13, what is 0 + 1baa0?
1baa0
In base 9, what is -61448 - 5?
-61454
In base 6, what is 412032 - -35?
412111
In base 11, what is -56216 + -7?
-56222
In base 11, what is -254 + 556?
302
In base 14, what is -11 + -aa7?
-ab8
In base 7, what is 1126 - 62256?
-61130
In base 11, what is 763 + 516?
1179
In base 15, what is -36d8 + 9?
-36ce
In base 8, what is 35747 - -2?
35751
In base 14, what is -5 + -407d7?
-407dc
In base 2, what is -1100010011011000000 - -11?
-1100010011010111101
In base 16, what is -6a44 - -1?
-6a43
In base 3, what is -11 - 1122121211001?
-1122121211012
In base 8, what is 17225571 - 1?
17225570
In base 6, what is -2 - -2213202?
2213200
In base 15, what is 4 - -e49e6?
e49ea
In base 7, what is -1410 + 2110?
400
In base 4, what is -2 - 10200302?
-10200310
In base 12, what is 7308 - -142?
744a
In base 11, what is -68 - 715?
-782
In base 2, what is -101011000100111011 + -1011?
-101011000101000110
In base 3, what is -20012102 - 112?
-20012221
In base 15, what is 12c0 + 169?
1439
In base 9, what is 415740 + 1?
415741
In base 3, what is -2 - 11000211212?
-11000211221
In base 14, what is 6cdac + 3?
6cdb1
In base 15, what is 1 - 39d1?
-39d0
In base 12, what is -5 + 218ab?
218a6
In base 16, what is 286f1 + 9?
286fa
In base 13, what is 13b + -638?
-4ca
In base 4, what is -21232 - -110230?
22332
In base 13, what is -308b5 + -1?
-308b6
In base 5, what is 30214441 + -2?
30214434
In base 10, what is 38 + 330?
368
In base 4, what is -1 - 11102321?
-11102322
In base 13, what is 4894 + 18c?
4a53
In base 15, what is -4047 + 5?
-4042
In base 5, what is 24000140 + -2?
24000133
In base 8, what is 0 + 305547?
305547
In base 6, what is 55 - 2153?
-2054
In base 7, what is -123 + 12256?
12133
In base 6, what is 1 + -3144152?
-3144151
In base 8, what is 107 - 3365?
-3256
In base 16, what is -a03 + -2f?
-a32
In base 9, what is -8202 + -116?
-8318
In base 11, what is -2 + -185a46?
-185a48
In base 7, what is 336 + -215?
121
In base 10, what is 28377 + 48?
28425
In base 4, what is 23301 - -32230?
122131
In base 5, what is -30443 - 103?
-31101
In base 12, what is -7279 - -1?
-7278
In base 7, what is -6 + 113356?
113350
In base 4, what is 1112211223 + 12?
1112211301
In base 15, what is -2 + 6acb?
6ac9
In base 7, what is -2005 - -4353?
2345
In base 16, what is -4ef6 - -100?
-4df6
In base 10, what is 1 + 253?
254
In base 15, what is 18e1 + -75?
186b
In base 16, what is -5 + 7c4c?
7c47
In base 3, what is -1 + -1010002120220?
-1010002120221
In base 8, what is 46565 - -4?
46571
In base 14, what is -5 + -57a?
-581
In base 9, what is 61 + 105347?
105418
In base 9, what is 5 - -341774?
341780
In base 9, what is 7 + 1512?
1520
In base 5, what is 13320100 - 13?
13320032
In base 11, what is -16 - 1a08?
-1a23
In base 10, what is 2467 + 99?
2566
In base 14, what is 3cd0 - 1?
3ccd
In base 5, what is 133 - 2103?
-1420
In base 2, what is -10 + 11001010010000?
11001010001110
In base 16, what is 35e - 11?
34d
In base 11, what is 84 - -397?
470
In base 4, what is -123 - 312012?
-312201
In base 12, what is -82 - -40?
-42
In base 5, what is 10 - -24242413?
24242423
In base 13, what is 5 + -212c?
-2127
In base 6, what is 101 - 10212?
-10111
In base 9, what is -23427 + 4?
-23423
In base 14, what is 3473 - -3?
3476
In base 7, what is 1152 + -32?
1120
In base 10, what is 3 - 48541?
-48538
In base 12, what is -9 + -80?
-89
In base 12, what is -2 - -27782?
27780
In base 13, what is 31264b + 3?
312651
In base 10, what is 526 + 5?
531
In base 7, what is -1305 + 131?
-1144
In base 12, what is 7bab - -5?
7bb4
In base 12, what is -23 + -1016b8?
-10171b
In base 13, what is 3 - -284ac3?
284ac6
In base 8, what is 7073 + 2?
7075
In base 8, what is -206250 - -1?
-206247
In base 14, what is -d4330 + 4?
-d432a
In base 3, what is -120120 + -10111020?
-11001210
In base 4, what is 11001 + -22320?
-11313
In base 9, what is -44 + 1677?
1633
In base 2, what is -1101011 + 100111001000?
100101011101
In base 5, what is 1210402 - -40?
1210442
In base 3, what is 100101210121 - -20?
100101210211
In base 2, what is 1100111111 - 100000111?
1000111000
In base 11, what is 1 - 699aa?
-699a9
In base 3, what is 21220120220 - 100?
21220120120
In base 5, what is 1132 + -201232?
-200100
In base 2, what is -1 - -10100111111011110?
10100111111011101
In base 12, what is 5 + -405baa?
-405ba5
In base 10, what is 9 - 7487?
-7478
In base 7, what is 1 + 162124?
162125
In base 11, what is -8312 - 5?
-8317
In base 2, what is 10101100 - -10110101110?
11001011010
In base 14, what is 35 - -863?
898
In base 16, what is -2985 - -8c?
-28f9
In base 11, what is 58 - -515?
572
In base 2, what is -100 + 11000100101011?
11000100100111
In base 7, what is 1110 + -36?
1041
In base 15, what is -3dad0 + -1?
-3dad1
In base 6, what is 454513 + 5?
454522
In base 9, what is 305235 - -2?
305237
In base 4, what is -2221002 + -120?
-2221122
In base 15, what is 1c1c + 2?
1c1e
In base 15, what is -d1 - 1b2c?
-1c0d
In base 14, what is -4a - 1c7a?
-1cc6
In base 11, what is -a3a - -22?
-a18
In base 15, what is -99 - 142?
-1db
In base 2, what is 101001001111100 - -101?
101001010000001
In base 10, what is -255 + -590?
-845
In base 10, what is 97 - 10530?
-10433
In base 6, what is 43405 - -4?
43413
In base 9, what is -43 - -37020?
36866
In base 16, what is -9 + -1861?
-186a
In base 5, what is -3 + 42014?
42011
In base 13, what is 5 - 4708?
-4703
In base 16, what is 0 - -4594?
4594
In base 4, what is -3 + 100312313?
100312310
In base 8, what is 645761 + -22?
645737
In base 5, what is -333431 + -3?
-333434
In base 14, what is a999 - -3?
a99c
In base 15, what is -1413c + 1?
-1413b
In base 12, what is -53b8 - 3?
-53bb
In base 4, what is -2232 - -202?
-2030
In base 5, what is 1144 - -1120?
2314
In base 9, what is 24 + -24120?
-24085
In base 15, what is 5 - -1991?
1996
In base 14, what is -98911d + -2?
-989121
In base 4, what is -2233121 - 312?
-2300033
In base 3, what is 12 - 102110012202?
-102110012120
In base 6, what is 35435 + 104?
35543
In base 6, what is 531 + -2042?
-1111
In base 8, what is 16130 - 25?
16103
In base 8, what is -1 + -6551?
-6552
In base 2, what is -101011101 - 1001001100111?
-1001111000100
In base 14, what is 4 + 4026?
402a
In base 10, what is -12224 - -4?
-12220
In base 8, what is 4 + -27650?
-27644
In base 13, what is 3c017 - 5?
3c012
In base 12, what is -1487 - 4b?
-1516
In base 15, what is -53 + -36e?
-3c2
In base 13, what is -168 - 4?
-16c
In base 12, what is -a6878 + -5?
-a6881
In base 9, what is 26328 - 2?
26326
In base 9, what is -5 + 483865?
483860
In base 4, what is -21332223 - 3?